its digit of q(-5)?
2
Let b = 10 + -6. What is the tens digit of (12 - 4) + b/2?
1
Let c(a) = a**3 - 7*a**2 - 8*a. Let v be c(8). Suppose 3*k - 66 = 3*n - 0*n, -n = v. What is the tens digit of k?
2
Suppose -u - 7 + 2 = 0. Let y = u - -9. Suppose 0*c = -y*c + 40. What is the units digit of c?
0
Suppose -2*l = -0*l - 210. What is the hundreds digit of l?
1
Suppose 0 = -0*g - 3*g + 12. Suppose 4*y + d = -d + 40, g*d = -3*y + 20. What is the units digit of y?
2
Let q(a) = -3*a - 1. Let y be q(-1). Suppose -3*h + w + 6 = -w, -3*h + 6 = -3*w. Let j = h + y. What is the units digit of j?
4
Let v = -18 + 21. Suppose -v*m - 2*m = -35. What is the units digit of m?
7
Suppose -3*b + u = -9, 3*b + 2*b - 15 = 3*u. Suppose -4*d + 3 = -b*d. What is the units digit of (-9)/(-2)*4/d?
6
Suppose 0 = -12*u + 15*u - 330. What is the tens digit of u?
1
Let c = 4 - 2. Suppose 0 = c*g - 7*g - 5. Let a = g + 10. What is the units digit of a?
9
Suppose 0*z - 2*z + r = -13, -5*z - r = -15. Suppose -5*c = 3*m - 21, -8*c + 4*c = -z*m + 28. What is the units digit of m?
7
What is the tens digit of 8/6 - 1138/(-6)?
9
Suppose 567 = 3*y - 3*f, -f - f + 732 = 4*y. What is the hundreds digit of y?
1
What is the units digit of 3*(103/3 - 2)?
7
Suppose o = -3*v + 69, 0 = o - 0*v - v - 61. Let a = o + -118. What is the tens digit of a/(-4) - 12/16?
1
Let s(r) = r**3 - 4*r**2 - 3*r + 6. Let a be s(4). What is the units digit of (-4)/a - (-400)/12?
4
Let p(o) = -5*o**2 - 2*o + 2. Let r be p(-2). Let z = -5 - r. Let j = z - 3. What is the units digit of j?
6
Let m(p) = -14*p + 2. Let o be m(-4). Suppose -4*b = -2*s + o, -s - 27 = b + b. What is the units digit of b*3/(-6) + -2?
5
Suppose 7*h - 300 = 1142. What is the tens digit of h?
0
Suppose 0 = 5*t - 3*t - 4. Let j = 0 + t. Suppose j*n - 18 = 6. What is the units digit of n?
2
Let t be (12/(-8))/(2/(-16)). Suppose -4*g - g = -40. Suppose -2*u + g + t = 0. What is the tens digit of u?
1
Suppose 0 = 4*k - 12, 5*z - 3*z = -3*k + 27. Suppose -z*f + 4*f + 46 = 4*x, 4*f - x - 20 = 0. What is the units digit of f?
6
Let l = -12 + 17. Suppose 41 = z - l*t - 6, 4*z + 4*t - 92 = 0. What is the tens digit of z?
2
Suppose -l = -5*u + 1125, -2*l - 1125 = -5*u - 5*l. What is the units digit of u?
5
Let d(f) be the third derivative of -f**4/12 - f**3/6 - f**2. Let a be d(1). What is the units digit of -2*((a - -3) + -4)?
8
Suppose 6*x - 5*o - 85 = x, 46 = 2*x - 5*o. What is the units digit of x?
3
Suppose 4*t + d - 460 = 0, -6*t - 115 = -7*t - d. What is the hundreds digit of t?
1
Let r be 0/(0 + (1 - 2)). Let t = r + -1. What is the units digit of 0 + 1 - (1 + t)?
1
Let t be ((-2)/(-3))/1*39. Let h be 2/(-4) + (-2)/(-4). Suppose 3*s = -k + 29, 2*s = -h*s - 4*k + t. What is the units digit of s?
9
Let u = -6 + 4. Let n = 5 + u. Suppose -n*y - 2*y + 20 = 0. What is the units digit of y?
4
Let x be (-2)/(-7) - 162/(-21). Let y = x + -6. What is the units digit of y?
2
What is the units digit of (-1)/(56/20 + -3)?
5
Suppose 6*h = h + 5*j - 125, -j = h + 19. Let c be (-101)/(-11) - (-4)/h. What is the units digit of ((-6)/c)/(4/(-6))?
1
Suppose 3*h + 910 = 8*h. What is the tens digit of h?
8
Suppose g + 0*g - 9 = 0. Let x = -3 - -2. Let j = g + x. What is the units digit of j?
8
Let s(c) = 2*c**2 + 10*c - 1 + 4 + 5. Let m be s(-7). Suppose -2*n = 2*n - m. What is the units digit of n?
9
Let k(f) = -13*f**2 + 23*f + 25. Let x(w) = -7*w**2 + 12*w + 13. Let g(t) = -6*k(t) + 11*x(t). Let v be g(5). What is the units digit of (-42)/v - 1/2?
3
Let w(f) = -f**2 + 3*f - 2. Let x be w(5). Let n be (1/(-3))/(2/12). What is the units digit of n/8 + (-15)/x?
1
What is the tens digit of 47 - (-3)/1 - 4?
4
Suppose 2 = -r - 2*m + 3*m, 5*r - 2*m = -13. Let q = r - 20. Let s = q + 36. What is the tens digit of s?
1
Suppose 2*b - 6*b + 200 = 0. What is the units digit of b?
0
What is the units digit of -2*(27/(-2) + 2)?
3
What is the tens digit of (-4)/(-24)*284*(-9)/(-6)?
7
Let u(g) = -3*g**2 + 3*g - 1. Let o(a) = -9*a**2 + 9*a - 3. Let q(b) = -6*o(b) + 17*u(b). What is the units digit of q(-3)?
7
Suppose 32 - 10 = i. What is the units digit of i?
2
Let f(h) = -h**3 - 12*h**2 + 11*h - 10. Let y be f(-13). Let d(v) = -v**2 - 8*v - 6. Let w be d(-5). Let b = y - w. What is the units digit of b?
7
What is the units digit of ((-3)/4)/((-1)/96)?
2
Let r(y) = -y**2 + 7*y - 4. Let u be r(7). What is the units digit of u/(-2) + (2 - 3)?
1
Let q(f) = f - 6. Let x be q(8). Let v be ((-33)/6)/(1/x). Let u = -6 - v. What is the units digit of u?
5
Suppose b = 5*b - 4*s - 460, 0 = 5*b - 4*s - 573. What is the tens digit of b?
1
Let t be ((-28)/20 - -2)*5. Suppose 5*q = -k - 2*k + 30, 3*q - t*k - 42 = 0. What is the units digit of q?
9
Suppose 4930 = 17*u + 1173. What is the tens digit of u?
2
What is the units digit of 2/12 - (-1220)/24?
1
Let w(h) = h**3 + h**2 - h + 3. Let n be w(0). Let s = 3 - n. Suppose 2*c - 10 - 2 = s. What is the units digit of c?
6
Let n(y) = 3*y. Let v be n(2). Let r(q) = -1 - 6*q**2 + 2*q**3 - 3*q**3 + 0 + v*q. What is the units digit of r(-7)?
6
Let g = 10 - 27. Let r = g - -29. What is the tens digit of r?
1
Let a be (1/2)/((-11)/(-132)). Let o(j) = 2*j**2 - 6*j - 3. What is the tens digit of o(a)?
3
Let p = -16 + 10. Let m = 12 + p. What is the units digit of m?
6
Let i = 6 + -4. Suppose 0*w + i*w = 20. Suppose -2 = -3*p + w. What is the units digit of p?
4
What is the hundreds digit of 1 + 3835/25 + 4/(-10)?
1
Suppose 5*b = -5*a - 25, -2*b - 5 = -2*a + 3*a. Suppose b = p - 6*p + 30. What is the units digit of p?
6
Let f(i) = 6*i**2 - 18*i - 3. What is the tens digit of f(4)?
2
Suppose -5*m + 2*m + 15 = 0. Suppose 0*w - m*w + 135 = 0. What is the units digit of w?
7
Let h = 189 + -122. What is the units digit of h?
7
Suppose -2*i - i = 21. Let r(w) = -w**3 - 7*w**2 + 3. Let n be r(i). Suppose n*f - 5*l + 13 = 0, 28 - 7 = -f + 5*l. What is the units digit of f?
4
Let v be -3*(-4)/6 + 0. Suppose 4*z + z - 20 = 0. What is the units digit of 1/(v/z*2)?
1
Let r(f) = -2*f. Let i be r(2). Let l = 2 + i. What is the tens digit of (30/9)/(l/(-6))?
1
Let n(j) = j**3 + 19*j**2 + 43*j - 15. What is the units digit of n(-16)?
5
Let y = 259 + -182. What is the units digit of y?
7
Suppose -3*a + a - 69 = -5*n, -2*n = -3*a - 21. Let b = n - 9. What is the units digit of b?
6
Suppose 9*f - 90 = 4*f. Let m = f - -3. What is the units digit of m?
1
Let r(j) be the third derivative of 0*j + 3/2*j**3 + 0 + 1/24*j**4 + 3*j**2. What is the units digit of r(-6)?
3
Let r(j) = j**3 - j**2 - 3*j - 6. Let k be r(4). Suppose -a = 4*a - 5*w - k, 3*a - 2*w = 22. What is the units digit of a?
0
Suppose 5*k - 5 = -5*v, -4*v = -5*k - v - 3. What is the units digit of (2 - -14) + (k - 3)?
3
Let m be 10/25 + (-8)/(-5). Let o be (9 + 1 + m)/(-1). Let q = -7 - o. What is the units digit of q?
5
Suppose -7*z + 75 = -2*z. Let r = z + 6. What is the units digit of r?
1
Let j be 1*-1 + 180/6. Let h = j + -19. What is the tens digit of h?
1
Let m be (-2)/9 + (-222)/(-27). Let p(a) = -a + 16. What is the units digit of p(m)?
8
Let u(s) = -14*s + 16. What is the tens digit of u(-7)?
1
Suppose 5*a = -g + 45, 4*a = -3*g - g + 116. Suppose 9*w - 4*w = g. What is the units digit of w?
5
Let m(w) = -w**3 - 6*w**2 - 2. Let t be m(-6). Let h = -5 - t. Let k = 9 + h. What is the units digit of k?
6
Let g(v) = v**3 - 5*v**2 - 4. Let o(s) = -3*s**3 + 16*s**2 + 13. Let c(m) = 7*g(m) + 2*o(m). Let t be c(2). What is the units digit of (-10)/t - (-8)/(-12)?
1
Suppose -4*t + 74 = 4*n - 2*n, 3*n - 81 = 4*t. Suppose d = 3*j + n, -2*j = -3*d - 3*j + 93. What is the tens digit of d?
3
Suppose -540 = -5*v - 3*y, -4*v + 163 = -2*y - 247. What is the units digit of v?
5
Suppose 0 = 2*p - 5 + 1. Suppose 4*w + 188 = 4*z, 4*w = p*z - 5*z + 120. What is the units digit of z?
4
Let d(l) = -5*l + 3. Let w(c) = 4*c - 2. Let u(n) = -5*d(n) - 6*w(n). Let s be u(6). Suppose a + 3*h - 11 = 0, s*a - 5*h - 1 = 4. What is the units digit of a?
5
Suppose -4*a - 624 = -12*a. What is the units digit of a?
8
Let t(c) = -2 + 1 + 0 - 6*c - 8*c. What is the units digit of t(-1)?
3
Suppose -10*h + 21*h = 781. What is the units digit of h?
1
Let c = -1 + 6. Suppose -3*s + c*b + 24 = 3*b, -2*s = -4*b - 16. What is the units digit 